{"id":56,"date":"2013-06-07T11:07:19","date_gmt":"2013-06-07T11:07:19","guid":{"rendered":"http:\/\/demo.woothemes.com\/woocommerce\/?post_type=product&#038;p=56"},"modified":"2021-12-21T10:00:32","modified_gmt":"2021-12-21T10:00:32","slug":"imperial-490-pro","status":"publish","type":"product","link":"https:\/\/mabasnc.it\/index.php\/prodotto\/imperial-490-pro\/","title":{"rendered":"Imperial 490 PRO"},"content":{"rendered":"<h4 style=\"text-align: center; margin: 30px 0;\">BROIL KING IMPERIAL 490 NEL DETTAGLIO<\/h4>\n<p><img decoding=\"async\" class=\"size-medium wp-image-210 aligncenter lazyload\" data-src=\"https:\/\/mabasnc.it\/wp-content\/uploads\/2021\/12\/imperial-490-pro.jpg\" alt=\"home_biker_product_details1\" width=\"350\" height=\"245\" src=\"data:image\/svg+xml;base64,PHN2ZyB3aWR0aD0iMSIgaGVpZ2h0PSIxIiB4bWxucz0iaHR0cDovL3d3dy53My5vcmcvMjAwMC9zdmciPjwvc3ZnPg==\" style=\"--smush-placeholder-width: 350px; --smush-placeholder-aspect-ratio: 350\/245;\" \/><br \/>\n<div class=\"column one-second mobile-one\"><div class=\"mcb-column-inner\"><\/p>\n<h4>BROIL KING IMPERIAL 490 NEL DETTAGLIO<\/h4>\n<p>Broil King \u00e8 il marchio del Nord America che costruisce barbecue dalle alte prestazioni e dalla grande affidabilit\u00e0, prestando particolare attenzione alla qualit\u00e0 dei materiali e alla capacit\u00e0 di cottura. Produce barbecue ispirati alle cucine professionali, dai dettagli curati e dalla grande versatilit\u00e0. Il Broil King Imperial 490 PRO \u00e8 dotato di 4 bruciatori Dual Tube da 14.65 kw, fornello laterale da 2.70 kw, bruciatore posteriore da 4.40 kw. Il bruciatore Dual Tube \u00e8 stato brevettato e studiato per permettere una distribuzione omogenea del calore. Le due fiamme infatti scaldano in maniera uniforme il bruciatore. Con luci interne per consentirti la massima visibilit\u00e0. Il fornello laterale aggiunge 2.70 kw per garantirti grande funzionalit\u00e0 e tanto spazio per preparare i tuoi piatti. Le griglie di cottura sono in fusione di acciaio inox, 4 di cm 15&#215;49, e consentono una cottura uniforme donando garanzia di affidabilit\u00e0 e robustezza. Inoltre sono di facile manutenzione per conservare il tuo barbecue perfettamente pulito. Il barbecue \u00e8 dotato anche di bruciatore posteriore per girarrosto, da 4.40 kw, che permette una cottura ottimale. IL coperchio \u00e8 in fusione di alluminio e acciaio inox con doppia cappa.<br \/>\n<\/div><\/div>\n<div class=\"column one-second mobile-one\"><div class=\"mcb-column-inner\"><\/p>\n<h4>Come \u00e8 fatto:<\/h4>\n<p>L&#8217;accensione \u00e8 elettronica. Il barbecue Broil King Imperial 490 PRO \u00e8 provvisto di diffusori di calore Flav-R-Wave in acciaio inox, che permettono di vaporizzare i sughi di cottura ed evitare inutili fiammate. Le manopole di regolazione dei bruciatori sono illuminate a led e controllano perfettamente la temperatura grazie alla loro regolazione infinitesimale, poich\u00e9 ruotano di 180\u00b0. Ha un termometro a sonda Accu-Temp per il controllo della temperatura dei forni. Regolatore di pressione 28\/30 mm bar incluso. Una comoda griglia scaldavivande ti aiuter\u00e0 a mantenere caldi i cibi cucinati. Il mobile di sostegno del barbecue \u00e8 in acciaio verniciato a triplo strato e frontale in acciaio inox. Ha due cassettoni scorrevoli in acciaio verniciato a triplo strato e frontale in acciaio inox e tanto spazio per riporre gli oggetti di cui hai bisogno. Vano porta-bombole con invaso per permettere di alloggiare anche le bombole pi\u00f9 grandi. Il barbecue ha infatti anche due pratici ripiani laterali fissi in alluminio e acciaio inox e un cassetto integrato nel ripiano laterale destro. La stabilit\u00e0 \u00e8 garantita dai livellatori Level Q. Broil King offre una garanzia a vita sulla fusione, 10 anni sui bruciatori, 2 anni su parti e verniciatura.<br \/>\n<\/div><\/div>\n<\/p>\n","protected":false},"excerpt":{"rendered":"<p>Il barbecue IMPERIAL 490 PRO ha una struttura interamente in acciaio inox che gli dona robustezza e qualit\u00e0. E&#8217; dotato di luci interne a led. Possibilit\u00e0 di averlo con kit per gas metano, reso disponibile dalla casa madre, che permette cos\u00ec di mantenere la garanzia.<\/p>\n","protected":false},"featured_media":328,"comment_status":"open","ping_status":"closed","template":"","meta":[],"product_brand":[],"product_cat":[17],"product_tag":[],"class_list":{"0":"post-56","1":"product","2":"type-product","3":"status-publish","4":"has-post-thumbnail","6":"product_cat-barbecue-a-gas","8":"first","9":"instock","10":"shipping-taxable","11":"product-type-simple"},"yoast_head":"<!-- This site is optimized with the Yoast SEO plugin v27.2 - https:\/\/yoast.com\/product\/yoast-seo-wordpress\/ -->\n<title>Imperial 490 PRO - Barbecue a gas, carbone, portatili, da incasso, a pellet MABA mabasnc.itw<\/title>\n<meta name=\"description\" content=\"Il barbecue Broil king IMPERIAL 490 PRO ha una struttura interamente in acciaio inox Possibilit\u00e0 di averlo con kit per gas metano.\" \/>\n<meta name=\"robots\" content=\"index, follow, max-snippet:-1, max-image-preview:large, max-video-preview:-1\" \/>\n<link rel=\"canonical\" href=\"https:\/\/mabasnc.it\/index.php\/prodotto\/imperial-490-pro\/\" \/>\n<meta property=\"og:locale\" content=\"it_IT\" \/>\n<meta property=\"og:type\" content=\"article\" \/>\n<meta property=\"og:title\" content=\"Imperial 490 PRO - Barbecue a gas, carbone, portatili, da incasso, a pellet MABA mabasnc.itw\" \/>\n<meta property=\"og:description\" content=\"Il barbecue Broil king IMPERIAL 490 PRO ha una struttura interamente in acciaio inox Possibilit\u00e0 di averlo con kit per gas metano.\" \/>\n<meta property=\"og:url\" content=\"https:\/\/mabasnc.it\/index.php\/prodotto\/imperial-490-pro\/\" \/>\n<meta property=\"og:site_name\" content=\"Barbecue a gas, carbone, portatili, da incasso, a pellet MABA mabasnc.itw\" \/>\n<meta property=\"article:modified_time\" content=\"2021-12-21T10:00:32+00:00\" \/>\n<meta property=\"og:image\" content=\"https:\/\/mabasnc.it\/wp-content\/uploads\/2021\/12\/imperial-490-pro.jpg\" \/>\n\t<meta property=\"og:image:width\" content=\"600\" \/>\n\t<meta property=\"og:image:height\" content=\"600\" \/>\n\t<meta property=\"og:image:type\" content=\"image\/jpeg\" \/>\n<meta name=\"twitter:card\" content=\"summary_large_image\" \/>\n<meta name=\"twitter:label1\" content=\"Tempo di lettura stimato\" \/>\n\t<meta name=\"twitter:data1\" content=\"2 minuti\" \/>\n<script type=\"application\/ld+json\" class=\"yoast-schema-graph\">{\"@context\":\"https:\/\/schema.org\",\"@graph\":[{\"@type\":\"WebPage\",\"@id\":\"https:\/\/mabasnc.it\/index.php\/prodotto\/imperial-490-pro\/\",\"url\":\"https:\/\/mabasnc.it\/index.php\/prodotto\/imperial-490-pro\/\",\"name\":\"Imperial 490 PRO - Barbecue a gas, carbone, portatili, da incasso, a pellet MABA mabasnc.itw\",\"isPartOf\":{\"@id\":\"https:\/\/mabasnc.it\/#website\"},\"primaryImageOfPage\":{\"@id\":\"https:\/\/mabasnc.it\/index.php\/prodotto\/imperial-490-pro\/#primaryimage\"},\"image\":{\"@id\":\"https:\/\/mabasnc.it\/index.php\/prodotto\/imperial-490-pro\/#primaryimage\"},\"thumbnailUrl\":\"https:\/\/mabasnc.it\/wp-content\/uploads\/2021\/12\/imperial-490-pro.jpg\",\"datePublished\":\"2013-06-07T11:07:19+00:00\",\"dateModified\":\"2021-12-21T10:00:32+00:00\",\"description\":\"Il barbecue Broil king IMPERIAL 490 PRO ha una struttura interamente in acciaio inox Possibilit\u00e0 di averlo con kit per gas metano.\",\"breadcrumb\":{\"@id\":\"https:\/\/mabasnc.it\/index.php\/prodotto\/imperial-490-pro\/#breadcrumb\"},\"inLanguage\":\"it-IT\",\"potentialAction\":[{\"@type\":\"ReadAction\",\"target\":[\"https:\/\/mabasnc.it\/index.php\/prodotto\/imperial-490-pro\/\"]}]},{\"@type\":\"ImageObject\",\"inLanguage\":\"it-IT\",\"@id\":\"https:\/\/mabasnc.it\/index.php\/prodotto\/imperial-490-pro\/#primaryimage\",\"url\":\"https:\/\/mabasnc.it\/wp-content\/uploads\/2021\/12\/imperial-490-pro.jpg\",\"contentUrl\":\"https:\/\/mabasnc.it\/wp-content\/uploads\/2021\/12\/imperial-490-pro.jpg\",\"width\":600,\"height\":600,\"caption\":\"maba barbecue imperial 490\"},{\"@type\":\"BreadcrumbList\",\"@id\":\"https:\/\/mabasnc.it\/index.php\/prodotto\/imperial-490-pro\/#breadcrumb\",\"itemListElement\":[{\"@type\":\"ListItem\",\"position\":1,\"name\":\"Home\",\"item\":\"https:\/\/mabasnc.it\/\"},{\"@type\":\"ListItem\",\"position\":2,\"name\":\"CATALOGO PRODOTTI\",\"item\":\"https:\/\/mabasnc.it\/index.php\/catalogo-prodotti\/\"},{\"@type\":\"ListItem\",\"position\":3,\"name\":\"Imperial 490 PRO\"}]},{\"@type\":\"WebSite\",\"@id\":\"https:\/\/mabasnc.it\/#website\",\"url\":\"https:\/\/mabasnc.it\/\",\"name\":\"Barbecue a gas, carbone, portatili, da incasso, a pellet MABA mabasnc.itw\",\"description\":\"Maba Settimo torinese ti offre un\u2019ampia gamma di barbecue a gas, carbone a legna\",\"potentialAction\":[{\"@type\":\"SearchAction\",\"target\":{\"@type\":\"EntryPoint\",\"urlTemplate\":\"https:\/\/mabasnc.it\/?s={search_term_string}\"},\"query-input\":{\"@type\":\"PropertyValueSpecification\",\"valueRequired\":true,\"valueName\":\"search_term_string\"}}],\"inLanguage\":\"it-IT\"}]}<\/script>\n<!-- \/ Yoast SEO plugin. -->","yoast_head_json":{"title":"Imperial 490 PRO - Barbecue a gas, carbone, portatili, da incasso, a pellet MABA mabasnc.itw","description":"Il barbecue Broil king IMPERIAL 490 PRO ha una struttura interamente in acciaio inox Possibilit\u00e0 di averlo con kit per gas metano.","robots":{"index":"index","follow":"follow","max-snippet":"max-snippet:-1","max-image-preview":"max-image-preview:large","max-video-preview":"max-video-preview:-1"},"canonical":"https:\/\/mabasnc.it\/index.php\/prodotto\/imperial-490-pro\/","og_locale":"it_IT","og_type":"article","og_title":"Imperial 490 PRO - Barbecue a gas, carbone, portatili, da incasso, a pellet MABA mabasnc.itw","og_description":"Il barbecue Broil king IMPERIAL 490 PRO ha una struttura interamente in acciaio inox Possibilit\u00e0 di averlo con kit per gas metano.","og_url":"https:\/\/mabasnc.it\/index.php\/prodotto\/imperial-490-pro\/","og_site_name":"Barbecue a gas, carbone, portatili, da incasso, a pellet MABA mabasnc.itw","article_modified_time":"2021-12-21T10:00:32+00:00","og_image":[{"width":600,"height":600,"url":"https:\/\/mabasnc.it\/wp-content\/uploads\/2021\/12\/imperial-490-pro.jpg","type":"image\/jpeg"}],"twitter_card":"summary_large_image","twitter_misc":{"Tempo di lettura stimato":"2 minuti"},"schema":{"@context":"https:\/\/schema.org","@graph":[{"@type":"WebPage","@id":"https:\/\/mabasnc.it\/index.php\/prodotto\/imperial-490-pro\/","url":"https:\/\/mabasnc.it\/index.php\/prodotto\/imperial-490-pro\/","name":"Imperial 490 PRO - Barbecue a gas, carbone, portatili, da incasso, a pellet MABA mabasnc.itw","isPartOf":{"@id":"https:\/\/mabasnc.it\/#website"},"primaryImageOfPage":{"@id":"https:\/\/mabasnc.it\/index.php\/prodotto\/imperial-490-pro\/#primaryimage"},"image":{"@id":"https:\/\/mabasnc.it\/index.php\/prodotto\/imperial-490-pro\/#primaryimage"},"thumbnailUrl":"https:\/\/mabasnc.it\/wp-content\/uploads\/2021\/12\/imperial-490-pro.jpg","datePublished":"2013-06-07T11:07:19+00:00","dateModified":"2021-12-21T10:00:32+00:00","description":"Il barbecue Broil king IMPERIAL 490 PRO ha una struttura interamente in acciaio inox Possibilit\u00e0 di averlo con kit per gas metano.","breadcrumb":{"@id":"https:\/\/mabasnc.it\/index.php\/prodotto\/imperial-490-pro\/#breadcrumb"},"inLanguage":"it-IT","potentialAction":[{"@type":"ReadAction","target":["https:\/\/mabasnc.it\/index.php\/prodotto\/imperial-490-pro\/"]}]},{"@type":"ImageObject","inLanguage":"it-IT","@id":"https:\/\/mabasnc.it\/index.php\/prodotto\/imperial-490-pro\/#primaryimage","url":"https:\/\/mabasnc.it\/wp-content\/uploads\/2021\/12\/imperial-490-pro.jpg","contentUrl":"https:\/\/mabasnc.it\/wp-content\/uploads\/2021\/12\/imperial-490-pro.jpg","width":600,"height":600,"caption":"maba barbecue imperial 490"},{"@type":"BreadcrumbList","@id":"https:\/\/mabasnc.it\/index.php\/prodotto\/imperial-490-pro\/#breadcrumb","itemListElement":[{"@type":"ListItem","position":1,"name":"Home","item":"https:\/\/mabasnc.it\/"},{"@type":"ListItem","position":2,"name":"CATALOGO PRODOTTI","item":"https:\/\/mabasnc.it\/index.php\/catalogo-prodotti\/"},{"@type":"ListItem","position":3,"name":"Imperial 490 PRO"}]},{"@type":"WebSite","@id":"https:\/\/mabasnc.it\/#website","url":"https:\/\/mabasnc.it\/","name":"Barbecue a gas, carbone, portatili, da incasso, a pellet MABA mabasnc.itw","description":"Maba Settimo torinese ti offre un\u2019ampia gamma di barbecue a gas, carbone a legna","potentialAction":[{"@type":"SearchAction","target":{"@type":"EntryPoint","urlTemplate":"https:\/\/mabasnc.it\/?s={search_term_string}"},"query-input":{"@type":"PropertyValueSpecification","valueRequired":true,"valueName":"search_term_string"}}],"inLanguage":"it-IT"}]}},"_links":{"self":[{"href":"https:\/\/mabasnc.it\/index.php\/wp-json\/wp\/v2\/product\/56","targetHints":{"allow":["GET"]}}],"collection":[{"href":"https:\/\/mabasnc.it\/index.php\/wp-json\/wp\/v2\/product"}],"about":[{"href":"https:\/\/mabasnc.it\/index.php\/wp-json\/wp\/v2\/types\/product"}],"replies":[{"embeddable":true,"href":"https:\/\/mabasnc.it\/index.php\/wp-json\/wp\/v2\/comments?post=56"}],"wp:featuredmedia":[{"embeddable":true,"href":"https:\/\/mabasnc.it\/index.php\/wp-json\/wp\/v2\/media\/328"}],"wp:attachment":[{"href":"https:\/\/mabasnc.it\/index.php\/wp-json\/wp\/v2\/media?parent=56"}],"wp:term":[{"taxonomy":"product_brand","embeddable":true,"href":"https:\/\/mabasnc.it\/index.php\/wp-json\/wp\/v2\/product_brand?post=56"},{"taxonomy":"product_cat","embeddable":true,"href":"https:\/\/mabasnc.it\/index.php\/wp-json\/wp\/v2\/product_cat?post=56"},{"taxonomy":"product_tag","embeddable":true,"href":"https:\/\/mabasnc.it\/index.php\/wp-json\/wp\/v2\/product_tag?post=56"}],"curies":[{"name":"wp","href":"https:\/\/api.w.org\/{rel}","templated":true}]}}